 180, -b - k + 4 = 0. Is l a composite number?
True
Is (6/12)/(1/898) a composite number?
False
Is (-1888)/(-3) - (-6)/(-18) composite?
True
Let c be 13754/8 - 3/12. Let n = c + -928. Is n a prime number?
False
Let i be (14/(-4))/((-2)/(-4)). Let r(b) = -13*b - 2. Is r(i) a prime number?
True
Let k(r) = r**2 + r. Let q(p) = 15*p**2 - 4*p - 1. Let b(f) = 6*k(f) + q(f). Is b(2) a prime number?
False
Suppose -x + 19 = 3*h, -3*h - h - 2*x + 24 = 0. Suppose -2*m = -3*m + h. Is m composite?
False
Let j(l) = 3*l**2 - 10*l - 3. Let q be j(7). Suppose 0 = -4*i + 4*g + 12, g - 4*g = 3*i + 9. Suppose q = -i*w + 2*w. Is w a prime number?
True
Suppose 4*f - 3*x - 3554 = 0, f - 2655 = -2*f - 3*x. Suppose 0 = 2*m - 4*y - 442, 2*m = -2*m + 5*y + f. Is m a prime number?
True
Let z(q) = -q**2 + 1. Let r(i) = 70*i**2 + 4. Let d(u) = r(u) - 4*z(u). Is d(1) prime?
False
Suppose 0 = -n - 2*n + 12. Suppose n = h + h. Is (-4 + h)/((-2)/39) composite?
True
Suppose 5*a = 5*j + 35, -j - 15 = 4*j. Let x = a - -6. Is x composite?
True
Let j be (-1 - -1) + 1 - -1. Let c(z) = -z**3 + 7*z**2 + 6*z. Let b be c(-6). Suppose 0 = -0*s - 2*s + j, -2*i + b = -2*s. Is i composite?
True
Let f be ((-2)/4)/((-7)/(-56)). Is -886*-2*(-1)/f prime?
True
Let y(z) be the second derivative of z**5/20 - 5*z**4/12 + z**3/6 - 3*z**2/2 - 2*z. Let l be y(5). Suppose -l*c = -0*c - 74. Is c a composite number?
False
Let n = -2150 + 888. Is 2*n/(-12)*3 a prime number?
True
Is (-772)/(-52) + 4/26 prime?
False
Let z be 4/8 + (-3)/2. Let h(a) = 114*a**2 - 1. Is h(z) prime?
True
Let q be ((-21)/14)/((-1)/232). Suppose -4*h = -9*h + 25. Suppose -h*p + m = -q, 3*p - m + 52 = 262. Is p a prime number?
False
Let d be -3 + 1 - -4 - 250. Let l = d - -354. Is l a prime number?
False
Is 1070*((-3)/(-6) + 0) prime?
False
Suppose -5*r + 1 = -9. Let k be (-6)/21 - 6/(-21). Suppose k = r*y, 4*u - y = -4*y + 140. Is u prime?
False
Suppose 4*m = -2*u + 258, -u - 4*m + 500 = 3*u. Is u composite?
True
Let x(t) = -23*t**3 - t**2 - 2*t - 1. Suppose -5*b = 3*s - 11, -5*s + b + 12 = 3*b. Let o be (s - 1 - 2) + 0. Is x(o) a prime number?
True
Let g(q) = 3*q**3 - q**2 + 10*q - 5. Is g(4) a prime number?
True
Let w = -8321 + 12714. Is w composite?
True
Let q = 310 - -1. Is q prime?
True
Suppose -2*p + 4*h + 286 = 0, 143 = 4*p - 3*p + 5*h. Suppose -z = -40 - p. Is z composite?
True
Let z be 2/(0 + (0 - -2)). Is 3 + 152 + z + 2 prime?
False
Suppose m = 12 - 2. Let u be (-1044)/(-45)*m/4. Suppose 3*y = j - 16, -u = -3*j - 3*y + 2*y. Is j composite?
False
Let y = -128 - -179. Suppose g - y - 4 = 0. Is g a prime number?
False
Let b = -1389 + 4156. Is b prime?
True
Suppose 5*w = 5*m - 10, 6*m - 8 = 2*m + 2*w. Let t be m + 1/1*-1. Let q(j) = 78*j**3 + j. Is q(t) composite?
False
Let d be 721 - (0 - (2 - 4)). Suppose 4*t + 740 = -4*s, -4*t + d = -4*s - t. Is 5/20 + s/(-8) a composite number?
False
Suppose 0 = -3*o + 12, -2*o - 455 = -c - 50. Is c composite?
True
Let z(l) = -l + 86. Let y be z(0). Suppose y = 2*q - 92. Is q a composite number?
False
Suppose 5*u - 7 = 13. Suppose -u*k = -5*b + 635, -2*k - 256 = -b - b. Is b composite?
True
Suppose 4*b - 23 + 3 = 5*x, -20 = x - 4*b. Suppose w = -x*w + 319. Is w a prime number?
False
Let c(y) = -33*y - 16. Is c(-15) a prime number?
True
Let k = -21 + 36. Is k prime?
False
Let v be 8 + 838 + 1*-3. Suppose -253 = 5*a - v. Is a composite?
True
Is (-31 + -6)*(0 + -1) composite?
False
Let a(l) = -l**3 + 8*l**2 - 7*l + 3. Let i be a(7). Suppose i = -o + 1. Is (o/2 - -20)/1 prime?
True
Let h = -199 - -362. Is h composite?
False
Suppose 3*j - 1599 = j - y, 0 = -5*j + y + 3980. Is j a composite number?
False
Suppose 2*j - 126 + 34 = 0. Let i = -13 + j. Is i a prime number?
False
Let u be (-4)/(-18) - 68/(-18). Is (-6)/(u/(-2)) - -112 prime?
False
Suppose 0 = -5*t - 0*t + 3*f + 10, 5*t - 10 = -5*f. Suppose -4*x = -t*x - 238. Is x composite?
True
Let g(d) = -d**3 + 6*d**2 + 7*d - 5. Let z be (-3)/3*-1*3. Suppose -28 + 10 = -z*w. Is g(w) a prime number?
True
Suppose -4*l + 2338 + 642 = 0. Is l a composite number?
True
Suppose -3*k + 921 = -0*k. Is k a composite number?
False
Let k = 3 - 2. Let q(h) = -163*h**2 + 3*h + 2. Let r(n) = -82*n**2 + 2*n + 1. Let m(u) = -3*q(u) + 5*r(u). Is m(k) a composite number?
False
Let y(c) = -c**2 - 3*c + 2. Let n be y(-3). Suppose 2*s - 4*i - 170 = -6*i, i - 170 = -n*s. Is s composite?
True
Suppose g - 2*g = -4. Suppose 5*r = -g*z + 20, 3*r + 20 = 7*z - 3*z. Suppose -z*t + 2 = -33. Is t composite?
False
Let c be 4/8 + 1/2. Suppose 2*m = -c + 7. Suppose 73 = 2*y + 3*h + 6, m*h = 3*y - 63. Is y a composite number?
True
Let j(d) = -60*d + 7. Is j(-11) composite?
True
Suppose -3*j = 4*s + s - 10, 0 = -3*j - s + 2. Suppose j = 2*h + y + 6, -2*y + 0*y + 9 = -3*h. Is 32/3 - 1/h composite?
False
Let x be 108/(-14) + (-2)/7. Let l(n) = -2*n - 11. Let f be l(x). Suppose 0 = -f*c - 114 + 529. Is c prime?
True
Let b(m) = -m**2 - 7*m - 7. Let f be b(-5). Suppose 5*t + 71 = 3*a, f*t - 4 = -7. Is a a prime number?
False
Let m = 10 + -5. Suppose -5*j = -2*f - 30, -5*j - f = -2*f - 25. Suppose i = p - m - 53, j*i = -3*p + 181. Is p a prime number?
True
Let g(x) = 5*x**2 + x - 13. Let n(s) = -s**2 + 1. Let y(c) = -g(c) - 6*n(c). Is y(0) a composite number?
False
Let p(q) = -2 - q - q**3 - q + 0*q - 2*q**2. Let b be p(-2). Is (52/(-6))/(b/(-3)) prime?
True
Let t(h) = -3*h + 0*h + 4*h - 5. Let d be t(8). Is d/6*-3*-2 prime?
True
Suppose 467 + 587 = 2*p. Is p composite?
True
Let g(l) = -l**3 + 4*l**2 + 4*l + 7. Is g(4) a composite number?
False
Let q(w) = 17*w - 1. Is q(2) composite?
True
Let p(v) = 14*v**2 + 6*v + 1. Is p(10) a prime number?
False
Let y(b) = b**3 - 7*b**2 - 5*b + 7. Suppose -3*g + 19 + 5 = 0. Is y(g) prime?
True
Let j = 869 + 218. Is j a prime number?
True
Let w(m) = 20*m + 8. Let t = 14 + -8. Let p be w(t). Suppose p = 4*s - 12. Is s composite?
True
Let n(s) = 8*s**2 - 12*s + 33. Is n(12) prime?
False
Suppose 2*a - 7*a + 8 = x, -a + 10 = -4*x. Let n(t) = -t**2 - 5*t - 2. Let v be n(-4). Is (7/v)/(a/44) composite?
True
Is 2 + (113 - (-6)/2) a prime number?
False
Is (-2335 - 5)/(-3) + 5 a prime number?
False
Let i(u) = 3*u - 2. Let f be i(2). Suppose 0 = -f*y + l + 23, -y - 4*l - 3 = -6*l. Suppose -12 = -c + y. Is c a prime number?
True
Let y = -1730 + 3139. Is y a composite number?
False
Let n(l) = 7*l**2 - 5*l + 13. Let o be n(6). Let t = 338 - o. Is t a composite number?
False
Let p(z) = -z + 1. Let s be p(-3). Suppose 2*t - s = -0*t. Is 91 + 1 + (-2)/t a prime number?
False
Suppose 3*b + 0*b - 3 = 0. Is b*-4*(-26)/4 a prime number?
False
Let h(j) = -19*j - 4. Let a be h(-3). Suppose g + 12 = 14. Suppose g*u = 3*u - a. Is u a composite number?
False
Is (-6)/30 + 852/10 a composite number?
True
Let b(u) = 67*u + 14. Suppose -3*f = 2*f + 35. Let q(i) = 34*i + 7. Let p(d) = f*q(d) + 4*b(d). Is p(6) prime?
False
Suppose -284 = b - 37. Let a = -157 - b. Let g = a - 53. Is g composite?
False
Let y(n) = 2*n**2 + 7*n + 18. Is y(13) composite?
True
Suppose -183 = -3*y + f + 783, -2*y - 3*f = -655. Is y a composite number?
True
Suppose 20 = -a + 2*a. Suppose -a = 3*l - 8*l. Suppose -90 = -3*p - 3*f, 0*p + f - 108 = -l*p. Is p a prime number?
False
Let k(w) = -8*w + 1. Suppose -10*l = -8*l + 6. Is k(l) a composite number?
True
Let p(t) = -66*t + 23. Is p(-5) a prime number?
True
Let h(i) = -2 + 3*i - 2*i - 2*i. Let a be h(-7). Suppose 0 = -a*c + 20, 5*o + 4*c = -c + 95. Is o composite?
True
Suppose -2*u + 1222 = -0*u. Is u a prime number?
False
Is 7482 + 0 + 20/(-4) composite?
False
Suppose 4*f = -w - 3 + 1, 5*w = -10. Suppose v + v = f. Suppose v = -2*z - 3*z + 170. Is z composite?
True
Suppose 7407 = 9*y + 1296. Is y a composite number?
True
Let j(h) = -10 + 9 + h + 15*h**3 + h + 2*h**2. Is j(2) a composite number?
False
Suppose f + 2*o + 6 = 6*o, -4*f - 3*o + 14 = 0. Let c be (-2)/((-1)/2*-2). Is (f - (7 - c))*-2 a composite number?
True
Suppose -p + 6*p - 1185 = 0. Is p a prime number?
False
Let t(k) = -28*k + 5. Is t(-3) composite?
False
Is 206 + 8/(-4 + 2) prime?
False
Suppose 0 = -r - 4*r + 25. Suppose -3*m = -9, h + r*m - 16 - 48 = 0. Is h prime?
False
Suppose -s = 4*u + 4*s - 20, -3*u = 4*s - 16. Suppose u*p + 195 = 3*p. Is p a composite number?
True
Let k = -116 